-6)/(1/3). Let n(x) = -x**2 - 1 - x**t + 4*x**3 + 0 + 2*x + 0*x**3. Calculate n(1).
3
Let o(j) = j**3 + 7*j**2 - 9*j - 11. Let b be -3 + 3 + (0 - 2). Let r be b/(-4) - 85/10. Let l be o(r). Let u(z) = z**3 + 3*z**2 + z - 1. Determine u(l).
-4
Let g(m) = 2*m**2 + 6*m + 4. Suppose 5*a - 25 = 5*n, 0 = -5*a - 5*n - 0*n + 25. Suppose -a*b - 21 = -d, 0 = 2*d - 4*b - 10 - 2. Calculate g(d).
12
Let k(q) = -2*q - 4. Let x be k(-5). Suppose -1 = b - x. Let s(l) = l**3 - 5*l**2 - 2*l - 1. Calculate s(b).
-11
Let o(j) = 7*j**3 - 2*j + 1. Let g be 48/(-4)*1/(-3). Let d = -4 + g. Suppose -3*m + d + 1 = v, m + 2*v = -3. Give o(m).
6
Let v(s) = s + 1. Let h(q) = q**3 + q**2 - 3. Let l be h(2). What is v(l)?
10
Let r(i) = i - 1. Let t(f) = f**3 + 9*f**2 + 8*f - 4. Let g be t(-8). Let w(o) = -2. Let a(c) = g*r(c) + 3*w(c). Give a(-2).
6
Let t be 32/24 + (-2)/(-3). Let n be (t - (2 + -2)) + 1. Let d(q) = -q**3 + 4*q**2 - 5*q + 2. Calculate d(n).
-4
Let z(y) be the third derivative of -y**6/120 - y**5/20 - y**4/12 - y**3/2 + 7*y**2. Determine z(-2).
-3
Let b = 1 + 1. Let w(d) = -d**3 - d**2 + 1. Let a(f) = -f**3 - 7*f**2 + f + 7. Let i(j) = b*w(j) - a(j). Give i(4).
7
Let q be (-2 + 3)/2*300/15. Let r(x) = -x**2 + 10*x. What is r(q)?
0
Let y(s) = s**2 + 9*s + 8. Suppose 5*r + 84 = -7*r. Give y(r).
-6
Let k(a) = -a**2 - a - 2. Let c(z) be the first derivative of z**3/3 - z**2/2 - z - 4. Let p(v) = -2*c(v) - k(v). What is p(3)?
4
Let s(v) = -v - 1. Let i = 18 + -13. Calculate s(i).
-6
Let a(x) = 5*x. Let t be a(1). Let r be t/15 + (-5)/(-3). Suppose r*j - 8 - 4 = 0. Let f(m) = m**3 - 6*m**2 - 2*m + 7. Calculate f(j).
-5
Let r(i) = 5 - 4*i - 2*i**2 + i**2 - 5*i. What is r(-9)?
5
Let x(p) be the third derivative of p**2 - 1/24*p**4 - p**3 + 0*p + 0. Let b = 203 + -208. Determine x(b).
-1
Suppose 0 = -t - 5*t. Let a(w) be the second derivative of w**3/6 - 7*w**2/2 + w. Determine a(t).
-7
Let t(u) be the second derivative of -3*u**5/20 - u**4/12 + u**2/2 + 6*u. Give t(-1).
3
Let y be 1*-5 - 4/2. Let t be 2/(-7) - 2/y. Suppose 3*x = 4*m - 21, 3*m + t*m - 21 = 4*x. Let p(w) = -w**3 + 4*w**2 - 2*w + 1. Give p(m).
4
Let y(l) = 7*l - 3. Let c(q) = q - 1. Let x(t) = 3*c(t) - y(t). What is x(4)?
-16
Suppose -25 = 5*q - 5. Let z(n) = n**3 + 2*n**2 + 4*n + 4. Let v(t) = -3*t**3 - 7*t**2 - 12*t - 11. Let c(i) = 3*v(i) + 8*z(i). What is c(q)?
-1
Let y(w) = w - 16. Let c be y(16). Let u(f) = 9*f**2 - 7*f + 3. Let q(z) = -5*z**2 + 4*z - 2. Let p(a) = 7*q(a) + 4*u(a). Calculate p(c).
-2
Let m = -5 - -2. Suppose -v - 18 = -4*v. Let x(l) = l + 6*l + v - 6*l. Determine x(m).
3
Let l(s) = s**2 + 8*s - 1. Let w be l(-8). Let u(f) = f**2 + 2*f + 1. Calculate u(w).
0
Let y(h) = -h + 1. Let u = -25 - -31. Give y(u).
-5
Let b = 12 - 1. Let s(u) = u**3 - 7 + b*u - 2 - 3 + u**2 - 12*u. Determine s(0).
-12
Suppose b - 3 = -0. Suppose 4 = -b*o - 8. Let k(x) = x + 3. What is k(o)?
-1
Let o(u) = 5*u**2 - 7*u + 6. Let x(v) = -v**2 + 4*v**2 + 6*v**2 + 11 - 13*v. Let j = 12 + -8. Let k(a) = j*x(a) - 7*o(a). Determine k(2).
0
Let i(x) = -8*x**3 - x**2 + 7*x + 20. Let m(p) = 7*p**3 + p**2 - 6*p - 18. Let o(y) = 6*i(y) + 7*m(y). Let k(v) = v**3 + 4*v**2. Let s be k(-4). Calculate o(s).
-6
Let p(k) = 6*k - 2. Let t be p(2). Suppose -2*z + t = -4*z. Let h(b) be the third derivative of -b**5/60 - 7*b**4/24 - 7*b**3/6 + b**2. Calculate h(z).
3
Let n(k) = -k**3 + 4*k**2 - 2*k - 1. Let a = -4 - -6. Calculate n(a).
3
Let w(l) = -2*l + 3. Let c(v) = 3*v - 4. Let j(x) = 4*c(x) + 5*w(x). Let b be j(2). Let u(g) = 3*g - b*g + 2*g. Give u(1).
2
Let b(g) be the first derivative of g**2 - g + 2. Let j(p) = -p - 2. Let m be j(3). Let o = 7 + m. What is b(o)?
3
Let d be (1 + -2)/(-3)*36/2. Let s(h) = 2*h. Determine s(d).
12
Suppose 3*t = 3, 5*m - t - 14 = -5. Let l(j) = 0 - m*j - 4 + 5 + 0. What is l(3)?
-5
Let o(r) be the third derivative of -r**5/60 + r**4/24 + r**2. Suppose 3*u = 2*u + 2*q + 9, 0 = -3*q - 9. What is o(u)?
-6
Suppose 0 = 3*x + 6 + 30. Let n(v) = -v**3 - 13*v**2 - 11*v + 13. Determine n(x).
1
Let o be (3 - 1)/((-6)/(-15)). Suppose 3*n - o - 1 = 0. Suppose -n*d = -d - 5. Let j(x) = x**3 - 4*x**2 - 4*x - 2. Give j(d).
3
Let x(s) = -2*s**2 - 5*s - 4. Let w(z) = -z. Let q be w(1). Let m = -2 + q. Calculate x(m).
-7
Let z(x) = -x**2 + 10*x - 3. Suppose -k - 4*o = 14, -5*k = -o - 18 - 17. Give z(k).
21
Let g(p) = 2*p**2 - p + 5. Let z(q) = -3*q**2 + q - 6. Suppose 12 - 4 = -2*n. Let k(l) = n*g(l) - 3*z(l). Let j(s) be the first derivative of k(s). Give j(-4).
-7
Suppose 56 = b - 4*i, -3*b + i - 6*i + 83 = 0. Suppose -5*c - 2 = -2*c + 2*f, -4*c + 4*f = b. Let u(x) = 2*x + 5. What is u(c)?
-3
Let l(q) be the first derivative of q**2/2 - 7*q - 25. Give l(8).
1
Let v(m) be the third derivative of m**9/60480 + m**8/5040 + m**7/1260 - m**6/720 + m**5/20 + 3*m**2. Let b(q) be the third derivative of v(q). Give b(-3).
-4
Suppose 0*w + 6*w - 12 = 0. Let c(h) = h**2 + 3*h - 2. What is c(w)?
8
Let z be 2 + (3 - 4/2). Suppose 3*l + 27 = 5*n, z*n - 10 = 4*l + 5*n. Let i(y) = y**3 + 4*y**2 - 2*y - 3. Determine i(l).
5
Let d(c) be the first derivative of c**3/3 - 2*c + 41. Give d(3).
7
Let q(s) = s**3 - 6*s**2 - s + 3. Let f(h) = -h**2 - 1. Let g(b) = 2*f(b) - q(b). Let c be 2/6 + (-22)/(-6). Determine g(c).
-1
Let k(a) be the first derivative of -a**3/3 + 4*a**2 - 7*a + 5. What is k(7)?
0
Let g(o) = 4*o - 4. Suppose -l + s - 1 = -0, 4*s = -8. Give g(l).
-16
Let k(w) = 3*w. Suppose -r + 3 = 5. Calculate k(r).
-6
Suppose 0 + 4 = 2*j. Let n(z) = 5*z**3 + 0 + 0 + 1 - z**j. Give n(1).
5
Let b(h) = h**2 - 5*h + 3. Let y be (6 - (-2)/(-2))*(-5 - -6). What is b(y)?
3
Let n(p) = -p**2 + 1. Let w(j) = -5*j**2 - j + 7. Let i(v) = -6*n(v) + w(v). Let r be (-140)/(-44) + 4/(-22). Suppose r*d - d = 2. What is i(d)?
1
Let b(k) be the first derivative of -4 - k**2 - k + 1/4*k**4 - 2/3*k**3. What is b(3)?
2
Let l(s) be the second derivative of 3*s**5/10 + s**4/6 - s**3/3 + s**2/2 - 2*s. Let p be l(1). Let u(v) = 0*v - v**2 - 4 + p*v - v. Determine u(3).
5
Suppose -4*p - 5*a = -7, -2*p + 3*p = -5*a - 2. Let x(t) = -t**2 + t + 3. Give x(p).
-3
Suppose -6 = 3*k + 9. Let z(m) = 4*m - 2. Let l(j) = 9*j - 14 + 0*j + 9. Let b(w) = k*z(w) + 2*l(w). Determine b(1).
-2
Let b be (3 - 0)*28/(-6). Let c = b - -15. Let l(x) = 6*x**3 + 1. Determine l(c).
7
Let v(a) = -a**2 + 7*a. Let x be v(8). Let b(d) = d + 7. Give b(x).
-1
Let m(n) be the first derivative of -n**5/40 + n**4/24 - 2*n**3/3 + 2. Let k(w) be the third derivative of m(w). Suppose 0 = 3*i + 7 - 10. What is k(i)?
-2
Let t(o) = -o**2 - 2*o. Let f be (0 + (-1 - -2))*6. Suppose -w - f = -2*b, 0 = 4*b + 3*w - 28 - 4. Suppose -b*c + 25 = -0*c, -c = 5*l. Calculate t(l).
1
Let r(j) = -3*j - 1. Let w = -2 + 2. Let n(a) = a**3 - a**2 - a + 1. Let q be n(w). Calculate r(q).
-4
Let j be (10 - 4)*4/6. Let f(s) = j*s - 4 - 6*s + 4*s. Let v = 1 + 3. Determine f(v).
4
Let b be 6*1/4*14. Suppose 0 = -5*u - s - 10, 2*u + b = -0*u + 3*s. Let l(y) = -y**3 + 4*y + 2*y**3 + 4*y**2 + 0*y**3. Give l(u).
-3
Let k be -5 - -2 - (2 + 0). Let f(l) be the second derivative of l**3/6 - 2*l. What is f(k)?
-5
Let v(b) = b + 1. Let a(t) = 1. Let f(d) = -3*a(d) + v(d). Give f(6).
4
Let i = 9 - 9. Suppose i*f = -3*f + 15. Let x(d) = -d**3 + 5*d**2 + 2*d. What is x(f)?
10
Let v be ((-2)/(-3) + 0)*3. Let h(i) = -1 + 3 - i**3 - 1 + 2*i**2 - 3*i. Calculate h(v).
-5
Let u(g) = -g - 17. Let o be u(-23). Let v(i) = -i**2 + 6*i - 4. Determine v(o).
-4
Let c(h) = -h**2 + 4*h + 2. Suppose 0 = -5*l, 3*b - 2 - 10 = -2*l. Give c(b).
2
Let r(h) = 2*h**2 + 4*h + 4. Let w(b) = -b**2 - 3*b - 3. Let y(f) = 5*r(f) + 7*w(f). What is y(2)?
9
Let i(f) = 10*f. Let v(q) = q**3 + 11*q**2 + 10*q + 2. Let w be v(-10). What is i(w)?
20
Let a(d) be the second derivative of -1/2*d**2 + 0 + d - 1/6*d**3. Let q be 46/(-14) + 2/7. Determine a(q).
2
Let m(q) = -11*q - 8. Let i(r) = -45*r - 30. Let j(c) = 4*i(c) - 15*m(c). What is j(-2)?
30
Let b(q) = -q**2 - q + 1. Let j(n) = -5*n**2 - 2*n + 9. Let h(s) = -6*b(s) + j(s). Let t be h(-2). Let g(k) = -13*k - 1. What is g(t)?
12
Let s(y) = -26*y**2 - y - 1 + 7*y**2 + 11*y**2 + y**3. What is s(8)?
-9
Let m be (2 + -6 + 0)/1. Let c(b) = -4*b + 2*b**2 - b**2 - 3*b**2 + b**2 + 2. Calculate c(m).
2
Let f(m) = m